241103211
What is 90142 (base 12) in base 10?
186818
2149b39 (base 12) to base 5
3104232200
-570312 (base 8) to base 14
-50334
What is 2045144 (base 6) in base 15?
1e7ca
-28255 (base 10) to base 2
-110111001011111
Convert 1796368 (base 11) to base 5.
1234222420
What is -111405534 (base 6) in base 5?
-1010213334
6663651 (base 7) to base 2
11001000110011100101
-34e5a5 (base 15) to base 5
-1121413110
What is 10101010120 (base 3) in base 9?
111116
Convert 50302221 (base 6) to base 5.
331023100
Convert -150542 (base 9) to base 2.
-10110100010001001
What is -a46bc5 (base 13) in base 11?
-219491a
Convert -3718407 (base 9) to base 6.
-111145354
Convert 110101001101001000100 (base 2) to base 5.
421242203
-10052a (base 12) to base 6
-5203254
What is 397663 (base 16) in base 12?
1317397
100010222201020 (base 3) to base 15
660696
Convert -201120210022 (base 3) to base 5.
-44313422
What is b2b10 (base 14) in base 9?
725147
What is -406198 (base 10) in base 12?
-17709a
Convert -9d492 (base 14) to base 16.
-5d578
Convert 32b908 (base 13) to base 4.
10210022121
What is -3258682 (base 9) in base 13?
-49437b
What is 3d895 (base 15) in base 4?
300100322
Convert -66655156 (base 7) to base 11.
-3285a24
401984 (base 11) to base 16
9de3c
-76a2825 (base 11) to base 10
-13517300
Convert -133256 (base 10) to base 3.
-20202210102
-10011010100000010 (base 2) to base 4
-103110002
10111000011111100 (base 2) to base 8
270374
What is 4434e (base 16) in base 4?
1010031032
b6ca7 (base 14) to base 10
441539
12a4384 (base 12) to base 15
4d0c87
What is 11110000001001 (base 2) in base 5?
442434
Convert -77633 (base 14) to base 10.
-289341
232223101230 (base 4) to base 7
206001063
Convert 1712582 (base 13) to base 4.
130131032312
What is 11110110101011011 (base 2) in base 16?
1ed5b
141341242 (base 5) to base 15
e6817
Convert -10012200111020 (base 3) to base 4.
-12200203221
Convert -354351 (base 7) to base 13.
-23178
What is -101110010000101010011 (base 2) in base 8?
-5620523
Convert 22410424 (base 5) to base 16.
31023
-100010010110001111010 (base 2) to base 7
-12365223
-1906a9 (base 12) to base 10
-436449
Convert -55218 (base 16) to base 10.
-348696
Convert 222032323 (base 4) to base 10.
172987
Convert -412303 (base 7) to base 16.
-11341
Convert -261193 (base 14) to base 11.
-8146a4
Convert -110010010000010100100010 (base 2) to base 11.
-748894a
11110110010110000 (base 2) to base 3
20102000102
Convert 11110100001000101100010 (base 2) to base 6.
443244150
What is -5125240 (base 9) in base 6?
-134325443
-742636 (base 9) to base 11
-281832
111010010101000001101001 (base 2) to base 16
e95069
-46138 (base 9) to base 12
-15952
What is d932a (base 14) in base 12?
2137b6
5752763 (base 8) to base 3
2221100210112
What is 536884 (base 11) in base 16?
d1870
What is -153777 (base 8) in base 10?
-55295
What is -284863 (base 12) in base 2?
-10100011111111001011
What is 110001111000110011001 (base 2) in base 8?
6170631
1010101101111101111110 (base 2) to base 8
12557576
Convert -1d409 (base 15) to base 4.
-113102301
-931a19 (base 11) to base 3
-2211000001022
What is -343050420 (base 6) in base 13?
-13c9bb1
-32013113 (base 4) to base 16
-e1d7
Convert 1111101000110110110110 (base 2) to base 7.
46562632
-111210055 (base 6) to base 8
-7557263
What is -42a64 (base 12) in base 5?
-10303131
What is 34832 (base 13) in base 12?
47588
Convert -3990691 (base 11) to base 16.
-693c61
Convert 1057712 (base 11) to base 9.
3436447
What is 12210010101 (base 3) in base 2?
11011110010010111
Convert 3497865 (base 10) to base 8.
15257611
What is -435261 (base 7) in base 9?
-125573
What is e62e8 (base 16) in base 13?
2701ac
1e852 (base 16) to base 8
364122
16a3dda (base 14) to base 13
2405ab4
-10349501 (base 10) to base 16
-9debbd
Convert -a587a (base 11) to base 6.
-3145304
3c78 (base 15) to base 2
11001010001010
What is 15050055 (base 7) in base 12?
587b89
Convert 3103859 (base 10) to base 15.
4149de
What is -42010333 (base 5) in base 7?
-2633165
Convert -1010011100100000101011 (base 2) to base 8.
-12344053
Convert 122222220122122 (base 3) to base 14.
13ad711
-1133356 (base 7) to base 2
-100010111000011100
What is -720ba5 (base 13) in base 11?
-1556136
Convert 53112143 (base 6) to base 11.
968a48
-11102102000 (base 3) to base 11
-5a445
Convert 1034250 (base 6) to base 12.
25986
What is -4034444 (base 5) in base 7?
-360334
Convert -14000725 (base 8) to base 15.
-422317
Convert -42641005 (base 8) to base 13.
-1b77052
What is -2012303132 (base 5) in base 6?
-222140105
-10011110111001110001 (base 2) to base 15
-cccb0
What is 30919d (base 14) in base 10?
1638503
6304507 (base 10) to base 16
6032fb
What is 113211200 (base 4) in base 6?
2023132
78083 (base 14) to base 15
5b339
Convert -22444000 (base 5) to base 15.
-40235
What is 14377187 (base 9) in base 8?
33163456
Convert -20021002010202 (base 3) to base 7.
-40200404
36620 (base 8) to base 9
23551
Convert 1132332112 (base 4) to base 12.
16915a
613604 (base 10) to base 3
1011011201002
What is 11347 (base 12) in base 7?
123625
Convert -563ba (base 15) to base 7.
-2221330
What is -3cc50 (base 14) in base 10?
-150598
Convert -145266 (base 7) to base 8.
-67160
4469012 (base 10) to base 2
10001000011000100010100
What is 122430011 (base 6) in base 4?
21002010313
Convert 43543331 (base 7) to base 12.
1305598
What is -1011001230 (base 5) in base 2?
-111110011110001011001
Convert 1272776 (base 9) to base 14.
1422da
-45663b (base 13) to base 3
-10002102201002
-1490a76 (base 11) to base 5
-1123030302
Convert 100100111000110001001110 (base 2) to base 16.
938c4e
465084 (base 12) to base 9
2108881
What is -303090 (base 15) in base 10?
-2288385
-128423 (base 9) to base 15
-18333
What is 13000011220 (base 4) in base 7?
21412633
-11432334 (base 5) to base 14
-2b75b
What is 136626 (base 12) in base 11?
200172
-10200302103 (base 4) to base 9
-2202526
Convert cbb (base 16) to base 10.
3259
4320000 (base 5) to base 11
4aa38
-213047 (base 11) to base 3
-122022110202
What is -782da (base 14) in base 16?
-47278
Convert -1010000001011111101101 (base 2) to base 15.
-36d810
Convert 13211353 (base 6) to base 8.
1525565
What is 1411130 (base 6) in base 3?
11000211000
Convert -120210021100000 (base 3) to base 10.
-8390304
What is 11001001101110100000001 (base 2) in base 5?
3143011202
What is 172243 (base 8) in base 5?
4001002
What is 221012100001 (base 3) in base 14?
cca60
Convert 507553 (base 15) to base 14.
716a6b
1110000010101111101 (base 2) to base 10
460157
110140033 (base 5) to base 12
1aa649
What is -40a217 (base 15) in base 14?
-59d60a
Convert 41130410 (base 7) to base 14.
6562b0
What is 1001100000010100110 (base 2) in base 6?
10401542
Convert -104212 (base 6) to base 10.
-8720
What is -2311525 (base 8) in base 10?
-627541
What is -1250452 (base 6) in base 11?
-47814
What is 3030441 (base 9) in base 10?
1614367
Convert 211345 (base 9) to base 12.
60888
What is -30013310121 (base 4) in base 9?
-5873046
11120c6 (base 13) to base 8
23751163
Convert 86f90 (base 16) to base 15.
adc18
Convert -122120000101211 (base 3) to base 7.
-142206160
Convert 21111102222211 (base 3) to base 16.
3ccd45
Convert 21202220222 (base 4) to base 5.
1120014122
What is -121226656 (base 7) in base 5?
-3414222340
14806c (base 15) to base 11
616040
What is 11011101101110001110000 (base 2) in base 10?
7265392
-241716 (base 11) to base 5
-44222421
97016d (base 16) to base 12
3393039
555088 (base 9) to base 5
41104100
-ae9a5 (base 16) to base 3
-1100100000220
-110663510 (base 7) to base 3
-110121122100122
14a998 (base 11) to base 16
39289
Convert 1276544 (base 8) to base 12.
154258
What is -309a09 (base 15) in base 13?
-62ba19
Convert 22120031230 (base 4) to base 10.
2720620
-2047383 (base 9) to base 6
-35243203
What is 106d36 (base 14) in base 9?
1037810
What is -4763117 (base 9) in base 12?
-a455b1
Convert -6267050 (base 8) to base 7.
-20110615
What is 617232 (base 8) in base 2?
110001111010011010
What is -215236 (base 7) in base 12?
-19aa7
-361762 (base 11) to base 14
-10cca1
Convert 112362420 (base 7) to base 3.
110222000102200
What is 21529 (base 16) in base 5?
13331424
What is -11140555 (base 6) in base 8?
-1227467
1243003 (base 9) to base 16
a5855
11a909 (base 11) to base 8
563224
714267 (base 14) to base 3
21011210